hat is the remainder when 7543 is divided by 23?
22
What is the remainder when 548 is divided by 40?
28
What is the remainder when 2223 is divided by 78?
39
Calculate the remainder when 135 is divided by 34.
33
Calculate the remainder when 17 is divided by 6.
5
What is the remainder when 2251 is divided by 66?
7
Calculate the remainder when 134 is divided by 87.
47
What is the remainder when 93 is divided by 28?
9
What is the remainder when 51 is divided by 36?
15
Calculate the remainder when 194 is divided by 28.
26
What is the remainder when 319 is divided by 32?
31
Calculate the remainder when 4002 is divided by 362.
20
Calculate the remainder when 70 is divided by 15.
10
What is the remainder when 118 is divided by 30?
28
Calculate the remainder when 233 is divided by 59.
56
Calculate the remainder when 926 is divided by 55.
46
Calculate the remainder when 79 is divided by 12.
7
Calculate the remainder when 233 is divided by 6.
5
Calculate the remainder when 5128 is divided by 54.
52
What is the remainder when 93 is divided by 49?
44
Calculate the remainder when 51 is divided by 15.
6
Calculate the remainder when 140 is divided by 69.
2
What is the remainder when 61 is divided by 8?
5
Calculate the remainder when 40 is divided by 35.
5
Calculate the remainder when 56 is divided by 3.
2
Calculate the remainder when 581 is divided by 209.
163
What is the remainder when 134 is divided by 59?
16
Calculate the remainder when 532 is divided by 190.
152
What is the remainder when 250 is divided by 36?
34
What is the remainder when 34779 is divided by 62?
59
Calculate the remainder when 839 is divided by 137.
17
What is the remainder when 10765 is divided by 3586?
7
What is the remainder when 495 is divided by 101?
91
Calculate the remainder when 2211 is divided by 450.
411
What is the remainder when 29621 is divided by 23?
20
What is the remainder when 587 is divided by 84?
83
Calculate the remainder when 735 is divided by 204.
123
What is the remainder when 90 is divided by 4?
2
What is the remainder when 60 is divided by 17?
9
What is the remainder when 1640 is divided by 15?
5
Calculate the remainder when 85 is divided by 30.
25
What is the remainder when 1440 is divided by 478?
6
What is the remainder when 248 is divided by 94?
60
Calculate the remainder when 152 is divided by 9.
8
What is the remainder when 691 is divided by 201?
88
Calculate the remainder when 1997 is divided by 396.
17
Calculate the remainder when 343 is divided by 22.
13
What is the remainder when 10815 is divided by 52?
51
Calculate the remainder when 63 is divided by 23.
17
What is the remainder when 18 is divided by 1?
0
Calculate the remainder when 294 is divided by 39.
21
What is the remainder when 7280 is divided by 155?
150
What is the remainder when 198 is divided by 50?
48
Calculate the remainder when 144 is divided by 7.
4
What is the remainder when 13523 is divided by 28?
27
Calculate the remainder when 517 is divided by 15.
7
Calculate the remainder when 138 is divided by 65.
8
Calculate the remainder when 191 is divided by 28.
23
Calculate the remainder when 359 is divided by 119.
2
Calculate the remainder when 30688 is divided by 198.
196
Calculate the remainder when 36 is divided by 9.
0
What is the remainder when 247 is divided by 89?
69
Calculate the remainder when 81 is divided by 48.
33
Calculate the remainder when 80 is divided by 4.
0
Calculate the remainder when 602 is divided by 188.
38
What is the remainder when 239 is divided by 91?
57
What is the remainder when 1255 is divided by 407?
34
Calculate the remainder when 273 is divided by 121.
31
Calculate the remainder when 2516 is divided by 14.
10
Calculate the remainder when 2979 is divided by 14.
11
Calculate the remainder when 117 is divided by 98.
19
What is the remainder when 3893 is divided by 769?
48
Calculate the remainder when 65 is divided by 6.
5
What is the remainder when 242 is divided by 41?
37
Calculate the remainder when 1566 is divided by 21.
12
Calculate the remainder when 636 is divided by 318.
0
Calculate the remainder when 175 is divided by 87.
1
Calculate the remainder when 133 is divided by 23.
18
What is the remainder when 175 is divided by 10?
5
Calculate the remainder when 8492 is divided by 18.
14
What is the remainder when 123 is divided by 56?
11
Calculate the remainder when 313 is divided by 96.
25
What is the remainder when 190 is divided by 78?
34
What is the remainder when 500 is divided by 22?
16
Calculate the remainder when 121 is divided by 33.
22
What is the remainder when 2469 is divided by 17?
4
Calculate the remainder when 472 is divided by 68.
64
Calculate the remainder when 2685 is divided by 93.
81
Calculate the remainder when 325 is divided by 25.
0
What is the remainder when 69 is divided by 39?
30
Calculate the remainder when 9849 is divided by 197.
196
Calculate the remainder when 38 is divided by 10.
8
What is the remainder when 713 is divided by 122?
103
What is the remainder when 1246 is divided by 29?
28
Calculate the remainder when 612 is divided by 8.
4
Calculate the remainder when 347 is divided by 15.
2
What is the remainder when 188 is divided by 24?
20
What is the remainder when 317 is divided by 288?
29
What is the remainder when 3694 is divided by 8?
6
Calculate the remainder when 100 is divided by 35.
30
What is the remainder when 16124 is divided by 256?
252
Calculate the remainder when 8138 is divided by 118.
114
Calculate the remainder when 177 is divided by 23.
16
What is the remainder when 1661 is divided by 104?
101
What is the remainder when 1075 is divided by 263?
23
Calculate the remainder when 541 is divided by 56.
37
What is the remainder when 121 is divided by 38?
7
Calculate the remainder when 865 is divided by 863.
2
What is the remainder when 1672 is divided by 20?
12
What is the remainder when 1036 is divided by 65?
61
Calculate the remainder when 52 is divided by 36.
16
Calculate the remainder when 2681 is divided by 159.
137
Calculate the remainder when 3379 is divided by 89.
86
What is the remainder when 42 is divided by 14?
0
Calculate the remainder when 143 is divided by 43.
14
What is the remainder when 7449 is divided by 46?
43
What is the remainder when 193 is divided by 99?
94
Calculate the remainder when 151 is divided by 40.
31
What is the remainder when 113 is divided by 10?
3
What is the remainder when 615 is divided by 89?
81
What is the remainder when 3466 is divided by 34?
32
What is the remainder when 521 is divided by 31?
25
What is the remainder when 144 is divided by 114?
30
What is the remainder when 188 is divided by 26?
6
Calculate the remainder when 391 is divided by 116.
43
What is the remainder when 460 is divided by 96?
76
Calculate the remainder when 279 is divided by 38.
13
Calculate the remainder when 1129 is divided by 87.
85
What is the remainder when 458 is divided by 46?
44
What is the remainder when 318 is divided by 20?
18
What is the remainder when 74 is divided by 39?
35
What is the remainder when 840 is divided by 507?
333
What is the remainder when 1827 is divided by 5?
2
Calculate the remainder when 451 is divided by 57.
52
Calculate the remainder when 1052 is divided by 81.
80
Calculate the remainder when 212 is divided by 116.
96
Calculate the remainder when 283 is divided by 7.
3
Calculate the remainder when 202 is divided by 44.
26
Calculate the remainder when 127 is divided by 36.
19
What is the remainder when 100 is divided by 21?
16
Calculate the remainder when 16673 is divided by 115.
113
Calculate the remainder when 529 is divided by 131.
5
Calculate the remainder when 43 is divided by 15.
13
Calculate the remainder when 236 is divided by 34.
32
Calculate the remainder when 101 is divided by 17.
16
What is the remainder when 3171 is divided by 122?
121
What is the remainder when 305 is divided by 74?
9
What is the remainder when 225 is divided by 26?
17
Calculate the remainder when 293 is divided by 8.
5
Calculate the remainder when 1585 is divided by 226.
3
What is the remainder when 8105 is divided by 159?
155
Calculate the remainder when 166 is divided by 7.
5
Calculate the remainder when 1318 is divided by 10.
8
Calculate the remainder when 143 is divided by 17.
7
C